{"id":16728,"date":"2022-11-20T00:19:50","date_gmt":"2022-11-19T23:19:50","guid":{"rendered":"https:\/\/swisssabers.ch\/shop\/lame-de-rechange\/"},"modified":"2026-08-26T21:13:58","modified_gmt":"2026-08-26T19:13:58","slug":"ersatzklinge","status":"publish","type":"product","link":"https:\/\/swisssabers.ch\/fr\/boutique\/ersatzklinge\/","title":{"rendered":"Lame de Rechange"},"content":{"rendered":"<p>Qu&#8217;il s&#8217;agisse d&#8217;une lame de duel robuste pour sabres RGB ou d&#8217;une lame Neopixel ultramoderne pour des effets impressionnants, tu trouveras ici la lame de rechange adapt\u00e9e \u00e0 ton Sabre Laser.<\/p>\n<p>Options disponibles :<br \/>\n&#x2705; Longueurs : 92 cm, 72 cm ou 52 cm<br \/>\n&#x2705; Diam\u00e8tre : 1&#8243; (2,54 cm) ou 7\/8&#8243; (2,22 cm)<br \/>\n&#x2705; Mat\u00e9riau : polycarbonate \u00e0 diffusion lumineuse pour une dispersion optimale de la lumi\u00e8re<\/p>\n<p>Types de lames :<\/p>\n<ul>\n<li>Lame RGB : creuse, adapt\u00e9e aux duels<\/li>\n<li>Lame Neopixel : contient des LED pixels LS001 5050, ne convient pas au duel<\/li>\n<\/ul>\n<p>Longueurs de lame personnalis\u00e9es :<br \/>\nTu as besoin d&#8217;une longueur sp\u00e9cifique ? Aucun probl\u00e8me, car nous fabriquons sur demande des lames dans toutes les longueurs sp\u00e9ciales souhait\u00e9es. Veuillez noter que le d\u00e9lai de production pour cela est de plusieurs semaines. Demandes sur : www.swisssabers.ch\/kontakt<\/p>\n<p>&#x26a0; Remarque : chaque commande d&#8217;un Sabre Laser comprend d\u00e9j\u00e0 une lame. Ces lames de rechange sont disponibles en suppl\u00e9ment.<\/p>\n","protected":false},"excerpt":{"rendered":"<p>Qu&#8217;il s&#8217;agisse d&#8217;une lame de duel robuste pour sabres RGB ou d&#8217;une lame Neopixel ultramoderne pour des effets impressionnants, tu trouveras ici la lame de rechange adapt\u00e9e \u00e0 ton Sabre Laser. Options disponibles : &#x2705; Longueurs : 92 cm, 72 cm ou 52 cm &#x2705; Diam\u00e8tre : 1&#8243; (2,54 cm) ou 7\/8&#8243; (2,22 cm) &#x2705; [&hellip;]<\/p>\n","protected":false},"featured_media":18669,"template":"","meta":{"_acf_changed":false,"wds_primary_product_brand":0,"wds_primary_product_cat":0},"produkt-filter":[431],"product_brand":[],"product_cat":[341,727],"product_tag":[],"class_list":["post-16728","product","type-product","status-publish","has-post-thumbnail","produkt-filter-zubehoer-fr","product_cat-accessoires","product_cat-accessoires-product-feed","pa_durchmesser-1-2-54-cm-standard-fr","pa_durchmesser-7-8-2-22-cm-mince","pa_klinge-lame-de-rechange-rgb","pa_klinge-lame-de-rechange-neopixel","pa_laenge-92-cm-fr","pa_laenge-72-cm-fr","pa_laenge-52-cm-fr","first","instock","sale","taxable","shipping-taxable","purchasable","product-type-variable"],"acf":[],"wcpa_form_fields":null,"_links":{"self":[{"href":"https:\/\/swisssabers.ch\/fr\/wp-json\/wp\/v2\/product\/16728","targetHints":{"allow":["GET"]}}],"collection":[{"href":"https:\/\/swisssabers.ch\/fr\/wp-json\/wp\/v2\/product"}],"about":[{"href":"https:\/\/swisssabers.ch\/fr\/wp-json\/wp\/v2\/types\/product"}],"version-history":[{"count":6,"href":"https:\/\/swisssabers.ch\/fr\/wp-json\/wp\/v2\/product\/16728\/revisions"}],"predecessor-version":[{"id":43190,"href":"https:\/\/swisssabers.ch\/fr\/wp-json\/wp\/v2\/product\/16728\/revisions\/43190"}],"wp:featuredmedia":[{"embeddable":true,"href":"https:\/\/swisssabers.ch\/fr\/wp-json\/wp\/v2\/media\/18669"}],"wp:attachment":[{"href":"https:\/\/swisssabers.ch\/fr\/wp-json\/wp\/v2\/media?parent=16728"}],"wp:term":[{"taxonomy":"produkt-filter","embeddable":true,"href":"https:\/\/swisssabers.ch\/fr\/wp-json\/wp\/v2\/produkt-filter?post=16728"},{"taxonomy":"product_brand","embeddable":true,"href":"https:\/\/swisssabers.ch\/fr\/wp-json\/wp\/v2\/product_brand?post=16728"},{"taxonomy":"product_cat","embeddable":true,"href":"https:\/\/swisssabers.ch\/fr\/wp-json\/wp\/v2\/product_cat?post=16728"},{"taxonomy":"product_tag","embeddable":true,"href":"https:\/\/swisssabers.ch\/fr\/wp-json\/wp\/v2\/product_tag?post=16728"}],"curies":[{"name":"wp","href":"https:\/\/api.w.org\/{rel}","templated":true}]}}

<p>Qu&#8217;il s&#8217;agisse d&#8217;une lame de duel robuste pour sabres RGB ou d&#8217;une lame Neopixel ultramoderne pour des effets impressionnants, tu trouveras ici la lame de rechange adaptée à ton Sabre Laser.</p>
<p>Options disponibles :<br />
&#x2705; Longueurs : 92 cm, 72 cm ou 52 cm<br />
&#x2705; Diamètre : 1&#8243; (2,54 cm) ou 7/8&#8243; (2,22 cm)<br />
&#x2705; Matériau : polycarbonate à diffusion lumineuse pour une dispersion optimale de la lumière</p>
<p>Types de lames :</p>
<ul>
<li>Lame RGB : creuse, adaptée aux duels</li>
<li>Lame Neopixel : contient des LED pixels LS001 5050, ne convient pas au duel</li>
</ul>
<p>Longueurs de lame personnalisées :<br />
Tu as besoin d&#8217;une longueur spécifique ? Aucun problème, car nous fabriquons sur demande des lames dans toutes les longueurs spéciales souhaitées. Veuillez noter que le délai de production pour cela est de plusieurs semaines. Demandes sur : www.swisssabers.ch/kontakt</p>
<p>&#x26a0; Remarque : chaque commande d&#8217;un Sabre Laser comprend déjà une lame. Ces lames de rechange sont disponibles en supplément.</p>

<p>Qu&#8217;il s&#8217;agisse d&#8217;une lame de duel robuste pour sabres RGB ou d&#8217;une lame Neopixel ultramoderne pour des effets impressionnants, tu trouveras ici la lame de rechange adaptée à ton Sabre Laser. Options disponibles : &#x2705; Longueurs : 92 cm, 72 cm ou 52 cm &#x2705; Diamètre : 1&#8243; (2,54 cm) ou 7/8&#8243; (2,22 cm) &#x2705; [&hellip;]</p>
